{"id":22,"date":"2021-02-18T20:01:14","date_gmt":"2021-02-18T19:01:14","guid":{"rendered":"http:\/\/mustang-gliwice.pl\/www\/?page_id=22"},"modified":"2021-03-18T08:29:54","modified_gmt":"2021-03-18T07:29:54","slug":"referencje","status":"publish","type":"page","link":"https:\/\/mustang-gliwice.pl\/www\/referencje\/","title":{"rendered":"Referencje"},"content":{"rendered":"\t\t<div data-elementor-type=\"wp-page\" data-elementor-id=\"22\" class=\"elementor elementor-22\">\n\t\t\t\t\t\t<section class=\"elementor-section elementor-top-section elementor-element elementor-element-3cd358a elementor-section-boxed elementor-section-height-default elementor-section-height-default\" data-id=\"3cd358a\" data-element_type=\"section\">\n\t\t\t\t\t\t<div class=\"elementor-container elementor-column-gap-default\">\n\t\t\t\t\t<div class=\"elementor-column elementor-col-50 elementor-top-column elementor-element elementor-element-79f36b1\" data-id=\"79f36b1\" data-element_type=\"column\" data-settings=\"{&quot;background_background&quot;:&quot;classic&quot;}\">\n\t\t\t<div class=\"elementor-widget-wrap elementor-element-populated\">\n\t\t\t\t\t\t<div class=\"elementor-element elementor-element-474f662 elementor-widget elementor-widget-text-editor\" data-id=\"474f662\" data-element_type=\"widget\" data-widget_type=\"text-editor.default\">\n\t\t\t\t<div class=\"elementor-widget-container\">\n\t\t\t\t\t\t\t\t\t\u201eDotychczasowe do\u015bwiadczenie we wsp\u00f3\u0142pracy pozwala zarekomendowa\u0107 nam us\u0142ugi wykonywane przez firm\u0119 Mustang z siedzib\u0105 w Gliwicach.\u201d\n\n<span class=\"references-name\">P. Kordula<\/span>\nIsover Polska\t\t\t\t\t\t\t\t<\/div>\n\t\t\t\t<\/div>\n\t\t\t\t\t<\/div>\n\t\t<\/div>\n\t\t\t\t<div class=\"elementor-column elementor-col-50 elementor-top-column elementor-element elementor-element-9ce09ce\" data-id=\"9ce09ce\" data-element_type=\"column\" data-settings=\"{&quot;background_background&quot;:&quot;classic&quot;}\">\n\t\t\t<div class=\"elementor-widget-wrap elementor-element-populated\">\n\t\t\t\t\t\t<div class=\"elementor-element elementor-element-103264b elementor-widget elementor-widget-text-editor\" data-id=\"103264b\" data-element_type=\"widget\" data-widget_type=\"text-editor.default\">\n\t\t\t\t<div class=\"elementor-widget-container\">\n\t\t\t\t\t\t\t\t\t\u201eDotychczasowe do\u015bwiadczenie we wsp\u00f3\u0142pracy pozwala zarekomendowa\u0107 nam us\u0142ugi wykonywane przez firm\u0119 Mustang z siedzib\u0105 w Gliwicach.\u201d\n\n<span class=\"references-name\">Marta Sawicka<\/span>\nDyrektor Strabag\t\t\t\t\t\t\t\t<\/div>\n\t\t\t\t<\/div>\n\t\t\t\t\t<\/div>\n\t\t<\/div>\n\t\t\t\t\t<\/div>\n\t\t<\/section>\n\t\t\t\t<section class=\"elementor-section elementor-top-section elementor-element elementor-element-86496b4 elementor-section-boxed elementor-section-height-default elementor-section-height-default\" data-id=\"86496b4\" data-element_type=\"section\">\n\t\t\t\t\t\t<div class=\"elementor-container elementor-column-gap-default\">\n\t\t\t\t\t<div class=\"elementor-column elementor-col-50 elementor-top-column elementor-element elementor-element-13bbc54\" data-id=\"13bbc54\" data-element_type=\"column\" data-settings=\"{&quot;background_background&quot;:&quot;classic&quot;}\">\n\t\t\t<div class=\"elementor-widget-wrap elementor-element-populated\">\n\t\t\t\t\t\t<div class=\"elementor-element elementor-element-9f36081 elementor-widget elementor-widget-text-editor\" data-id=\"9f36081\" data-element_type=\"widget\" data-widget_type=\"text-editor.default\">\n\t\t\t\t<div class=\"elementor-widget-container\">\n\t\t\t\t\t\t\t\t\t\u201ePolecamy inwestorom firm\u0119 Mustang jako sprawdzon\u0105 i do\u015bwiadczon\u0105 firm\u0119 w zakresie gospodarki odpadami, zapewniaj\u0105c\u0105 wysok\u0105 jako\u015b\u0107 us\u0142ug i szybki termin realizacji.\u201d\n\n<span class=\"references-name\">Ewa Bokowska<\/span>\nPrezes Zarz\u0105du P. A. Nova\t\t\t\t\t\t\t\t<\/div>\n\t\t\t\t<\/div>\n\t\t\t\t\t<\/div>\n\t\t<\/div>\n\t\t\t\t<div class=\"elementor-column elementor-col-50 elementor-top-column elementor-element elementor-element-34bfbb7\" data-id=\"34bfbb7\" data-element_type=\"column\" data-settings=\"{&quot;background_background&quot;:&quot;classic&quot;}\">\n\t\t\t<div class=\"elementor-widget-wrap elementor-element-populated\">\n\t\t\t\t\t\t<div class=\"elementor-element elementor-element-9e22e66 elementor-widget elementor-widget-text-editor\" data-id=\"9e22e66\" data-element_type=\"widget\" data-widget_type=\"text-editor.default\">\n\t\t\t\t<div class=\"elementor-widget-container\">\n\t\t\t\t\t\t\t\t\t\u201eElastyczno\u015b\u0107 firmy Mustang pozwala na prac\u0119 oczyszczalni bez zak\u0142\u00f3ce\u0144.\u201d\n\n<span class=\"references-name\">Jan Kowalski<\/span>\nZabrza\u0144skie Przedsi\u0119biorstwo\nWodoci\u0105g\u00f3w i Kanalizacji\t\t\t\t\t\t\t\t<\/div>\n\t\t\t\t<\/div>\n\t\t\t\t\t<\/div>\n\t\t<\/div>\n\t\t\t\t\t<\/div>\n\t\t<\/section>\n\t\t\t\t<section class=\"elementor-section elementor-top-section elementor-element elementor-element-79feaade elementor-section-boxed elementor-section-height-default elementor-section-height-default\" data-id=\"79feaade\" data-element_type=\"section\">\n\t\t\t\t\t\t<div class=\"elementor-container elementor-column-gap-default\">\n\t\t\t\t\t<div class=\"elementor-column elementor-col-100 elementor-top-column elementor-element elementor-element-5f087fb2\" data-id=\"5f087fb2\" data-element_type=\"column\">\n\t\t\t<div class=\"elementor-widget-wrap elementor-element-populated\">\n\t\t\t\t\t\t<div class=\"elementor-element elementor-element-8d812ec elementor-widget-divider--view-line_text elementor-widget-divider--element-align-center elementor-widget elementor-widget-divider\" data-id=\"8d812ec\" data-element_type=\"widget\" data-widget_type=\"divider.default\">\n\t\t\t\t<div class=\"elementor-widget-container\">\n\t\t\t\t\t\t\t<div class=\"elementor-divider\">\n\t\t\t<span class=\"elementor-divider-separator\">\n\t\t\t\t\t\t\t<span class=\"elementor-divider__text elementor-divider__element\">\n\t\t\t\tPozosta\u0142e referencje\t\t\t\t<\/span>\n\t\t\t\t\t\t<\/span>\n\t\t<\/div>\n\t\t\t\t\t\t<\/div>\n\t\t\t\t<\/div>\n\t\t\t\t<div class=\"elementor-element elementor-element-2eab046 elementor-widget elementor-widget-toggle\" data-id=\"2eab046\" data-element_type=\"widget\" data-widget_type=\"toggle.default\">\n\t\t\t\t<div class=\"elementor-widget-container\">\n\t\t\t\t\t\t\t<div class=\"elementor-toggle\">\n\t\t\t\t\t\t\t<div class=\"elementor-toggle-item\">\n\t\t\t\t\t<div id=\"elementor-tab-title-4891\" class=\"elementor-tab-title\" data-tab=\"1\" role=\"button\" aria-controls=\"elementor-tab-content-4891\" aria-expanded=\"false\">\n\t\t\t\t\t\t\t\t\t\t\t\t<span class=\"elementor-toggle-icon elementor-toggle-icon-left\" aria-hidden=\"true\">\n\t\t\t\t\t\t\t\t\t\t\t\t\t\t\t<span class=\"elementor-toggle-icon-closed\"><i class=\"fas fa-plus-circle\"><\/i><\/span>\n\t\t\t\t\t\t\t\t<span class=\"elementor-toggle-icon-opened\"><i class=\"elementor-toggle-icon-opened fas fa-minus-circle\"><\/i><\/span>\n\t\t\t\t\t\t\t\t\t\t\t\t\t<\/span>\n\t\t\t\t\t\t\t\t\t\t\t\t<a class=\"elementor-toggle-title\" tabindex=\"0\">Zobacz referencje<\/a>\n\t\t\t\t\t<\/div>\n\n\t\t\t\t\t<div id=\"elementor-tab-content-4891\" class=\"elementor-tab-content elementor-clearfix\" data-tab=\"1\" role=\"region\" aria-labelledby=\"elementor-tab-title-4891\"><ul class=\"references-list\">\n  <li><a href=\"\/www\/refs\/ISOVER-POLSKA.pdf\" rel=\"\">\n    ISOVER POLSKA\n  <\/a><\/li>\n  <li><a href=\"\/www\/refs\/STRABAG.pdf\" rel=\"\">\n    STRABAG\n  <\/a><\/li>\n  <li><a href=\"\/www\/refs\/PA-NOVA.pdf\" rel=\"\">\n    P.A NOVA\n  <\/a><\/li>\n  <li><a href=\"\/www\/refs\/ZABRZANSKIE-PRZEDSIEBIORSTWO-WODOCIAGOW-I-KANALIZACJI.pdf\" rel=\"\">\n    ZABRZANSKIE PRZEDSIEBIORSTWO WODOCIAGOW I KANALIZACJI\n  <\/a><\/li>\n  <li><a href=\"\/www\/refs\/ZABRZANSKIE-PRZEDSIEBIORSTWO-WODOCIAGOW-I-KANALIZACJI-2.pdf\" rel=\"\">\n    ZABRZANSKIE PRZEDSIEBIORSTWO WODOCIAGOW I KANALIZACJI\n  <\/a><\/li>\n  <li><a href=\"\/www\/refs\/ZABRZANSKIE-PRZEDSIEBIORSTWO-WODOCIAGOW-I-KANALIZACJI-3.pdf\" rel=\"\">\n    ZABRZANSKIE PRZEDSIEBIORSTWO WODOCIAGOW I KANALIZACJI\n  <\/a><\/li>\n  <li><a href=\"\/www\/refs\/ZABRZANSKIE-PRZEDSIEBIORSTWO-WODOCIAGOW-I-KANALIZACJI-4.pdf\" rel=\"\">\n    ZABRZANSKIE PRZEDSIEBIORSTWO WODOCIAGOW I KANALIZACJI\n  <\/a><\/li>\n  <li><a href=\"\/www\/refs\/AQUA-BIELSKO-BIALA.pdf\" rel=\"\">\n    AQUA BIELSKO BIA\u0141A\n  <\/a><\/li>\n  <li><a href=\"\/www\/refs\/ZAKLAD-INZYNIERII-MIEJSKIEJ-W-MIKOLOWIE.pdf\" rel=\"\">\n    ZAKLAD INZYNIERII MIEJSKIEJ W MIKOLOWIE\n  <\/a><\/li>\n  <li><a href=\"\/www\/refs\/PWIK-GLIWICE.pdf\" rel=\"\">\n    PWIK GLIWICE\n  <\/a><\/li>\n  <li><a href=\"\/www\/refs\/PWIK-GLIWICE-2.pdf\" rel=\"\">\n    PWIK GLIWICE\n  <\/a><\/li>\n  <li><a href=\"\/www\/refs\/PRZEDSIEBIRSTWO-STUDIOW-PROJEKTOW-I-BUDOWNICTWA-CD.pdf\" rel=\"\">\n    PRZEDSI\u0118BIORSTWA STUDI\u00d3W PROJEKT\u00d3W I BUDOWNICTWA CD\n  <\/a><\/li>\n  <li><a href=\"\/www\/refs\/RABEN-POLSKA.pdf\" rel=\"\">\n    RABEN POLSKA\n  <\/a><\/li>\n  <li><a href=\"\/www\/refs\/URZAD-MIASTA-WOJKOWICE.pdf\" rel=\"\">\n    URZAD MIASTA WOJKOWICE\n  <\/a><\/li>\n  <li><a href=\"\/www\/refs\/ZWIK-W-RACIBORZU.pdf\" rel=\"\">\n    WZIK W RACIBORZU\n  <\/a><\/li>\n  <li><a href=\"\/www\/refs\/EKO-SERW.pdf\" rel=\"\">\n    EKO SERW\n  <\/a><\/li>\n  <li><a href=\"\/www\/refs\/RADAN.pdf\" rel=\"\">\n    RADAN\n  <\/a><\/li>\n  <li><a href=\"\/www\/refs\/ZASTEPCA-PREZYDENTA-GLIWIC.pdf\" rel=\"\">\n    ZAST\u0118PCA PREZYDENTA GLIWIC\n  <\/a><\/li>\n<\/ul><\/div>\n\t\t\t\t<\/div>\n\t\t\t\t\t\t\t<div class=\"elementor-toggle-item\">\n\t\t\t\t\t<div id=\"elementor-tab-title-4892\" class=\"elementor-tab-title\" data-tab=\"2\" role=\"button\" aria-controls=\"elementor-tab-content-4892\" aria-expanded=\"false\">\n\t\t\t\t\t\t\t\t\t\t\t\t<span class=\"elementor-toggle-icon elementor-toggle-icon-left\" aria-hidden=\"true\">\n\t\t\t\t\t\t\t\t\t\t\t\t\t\t\t<span class=\"elementor-toggle-icon-closed\"><i class=\"fas fa-plus-circle\"><\/i><\/span>\n\t\t\t\t\t\t\t\t<span class=\"elementor-toggle-icon-opened\"><i class=\"elementor-toggle-icon-opened fas fa-minus-circle\"><\/i><\/span>\n\t\t\t\t\t\t\t\t\t\t\t\t\t<\/span>\n\t\t\t\t\t\t\t\t\t\t\t\t<a class=\"elementor-toggle-title\" tabindex=\"0\">Podzi\u0119kowania<\/a>\n\t\t\t\t\t<\/div>\n\n\t\t\t\t\t<div id=\"elementor-tab-content-4892\" class=\"elementor-tab-content elementor-clearfix\" data-tab=\"2\" role=\"region\" aria-labelledby=\"elementor-tab-title-4892\"><ul class=\"thanks-list\">\n  <li><a href=\"\/www\/refs\/podziekowania-brzezinka-2015.pdf\">Podzi\u0119kowanie za pomoc w organizacji Do\u017cynek<\/a>\n    Brzezinka 2015<\/li>\n  <li><a href=\"\/www\/refs\/podziekowania-biegam-z-sercem-gliwice.pdf\">Podzi\u0119kowanie za pomoc w organizacji Biegam z Sercem<\/a>\n    Gliwice<\/li>\n  <li><a href=\"\/www\/refs\/podziekowania-wsparcie-dom-dziecka-gliwice.pdf\">Podzi\u0119kowanie za wparcie<\/a>\n    Dom Dziecka Nr 2 w Gliwicach<\/li>\n  <li><a href=\"\/www\/refs\/podziekowania-pomoc-finansowa-przedszkole-nr21.pdf\">Podzi\u0119kowanie za pomoc finansow\u0105<\/a>\n    Przedszkole Miejskie Nr 21 w Gliwicach<\/li>\n  <li><a href=\"\/www\/refs\/podziekowania-zdazyc-z-pomoca.pdf\">Podzi\u0119kowanie za pomoc w realizacji programu Zd\u0105\u017cy\u0107 z Pomoc\u0105<\/a>\n    Fundacja Zd\u0105\u017cy\u0107 z Pomoc\u0105<\/li>\n  <li><a href=\"\/www\/refs\/podziekowania-zdazyc-z-pomoca2.pdf\">Podzi\u0119kowanie za pomoc w realizacji programu Zd\u0105\u017cy\u0107 z Pomoc\u0105<\/a>\n    Fundacja Zd\u0105\u017cy\u0107 z Pomoc\u0105<\/li>\n  <li><a href=\"\/www\/refs\/podziekowania-zdazyc-z-pomoca3.pdf\">Podzi\u0119kowanie za pomoc w realizacji programu Zd\u0105\u017cy\u0107 z Pomoc\u0105<\/a>\n    Fundacja Zd\u0105\u017cy\u0107 z Pomoc\u0105<\/li>\n  <li><a href=\"\/www\/refs\/podziekowania-zdazyc-z-pomoca4.pdf\">Podzi\u0119kowanie za pomoc w realizacji programu Zd\u0105\u017cy\u0107 z Pomoc\u0105<\/a>\n    Fundacja Zd\u0105\u017cy\u0107 z Pomoc\u0105<\/li>\n  <li><a href=\"\/www\/refs\/podziekowania-upominki-z-okazji-wejscia-do-ue-zsp.pdf\">Podzi\u0119kowanie za upominki z okazji wej\u015bcia Polski do UE<\/a>\n    ZSP im. UE w Gliwicach<\/li>\n  <li><a href=\"\/www\/refs\/podziekowania-dary-mikolaja-dom-dziecka-nr3.pdf\">Podzi\u0119kowanie za dary z okazji Miko\u0142aja<\/a>\n    Dom Dziecka Nr 3 w Gliwicach<\/li>\n  <li><a href=\"\/www\/refs\/podziekowania-dary-mikolaja-dom-dziecka-nr3-2.pdf\">Podzi\u0119kowanie za dary z okazji Miko\u0142aja<\/a>\n    Dom Dziecka Nr 3 w Gliwicach<\/li>\n  <li><a href=\"\/www\/refs\/podziekowania-mapy-zsp3.pdf\">Podzi\u0119kowanie za upominki w postaci pi\u0119knych map<\/a>\n    ZSP Nr 3 w Gliwicach<\/li>\n  <li><a href=\"\/www\/refs\/podziekowania-mapy-zso4.pdf\">Podzi\u0119kowanie za mapy<\/a>\n    ZSO 4 w Gliwicach<\/li>\n<\/ul><\/div>\n\t\t\t\t<\/div>\n\t\t\t\t\t\t\t\t<\/div>\n\t\t\t\t\t\t<\/div>\n\t\t\t\t<\/div>\n\t\t\t\t\t<\/div>\n\t\t<\/div>\n\t\t\t\t\t<\/div>\n\t\t<\/section>\n\t\t\t\t<\/div>\n\t\t","protected":false},"excerpt":{"rendered":"<p>\u201eDotychczasowe do\u015bwiadczenie we wsp\u00f3\u0142pracy pozwala zarekomendowa\u0107 nam us\u0142ugi wykonywane przez firm\u0119 Mustang z siedzib\u0105 w Gliwicach.\u201d P. Kordula Isover Polska\u201eDotychczasowe do\u015bwiadczenie we wsp\u00f3\u0142pracy pozwala zarekomendowa\u0107 nam us\u0142ugi wykonywane przez firm\u0119 Mustang z siedzib\u0105 w Gliwicach.\u201d Marta Sawicka Dyrektor Strabag\u201ePolecamy inwestorom firm\u0119 Mustang jako sprawdzon\u0105 i do\u015bwiadczon\u0105 firm\u0119 w zakresie gospodarki odpadami, zapewniaj\u0105c\u0105 wysok\u0105 jako\u015b\u0107 us\u0142ug [&hellip;]<\/p>\n","protected":false},"author":3,"featured_media":0,"parent":0,"menu_order":0,"comment_status":"closed","ping_status":"closed","template":"","meta":{"site-sidebar-layout":"no-sidebar","site-content-layout":"page-builder","ast-site-content-layout":"","site-content-style":"default","site-sidebar-style":"default","ast-global-header-display":"","ast-banner-title-visibility":"","ast-main-header-display":"","ast-hfb-above-header-display":"","ast-hfb-below-header-display":"","ast-hfb-mobile-header-display":"","site-post-title":"disabled","ast-breadcrumbs-content":"","ast-featured-img":"disabled","footer-sml-layout":"","theme-transparent-header-meta":"default","adv-header-id-meta":"","stick-header-meta":"","header-above-stick-meta":"","header-main-stick-meta":"","header-below-stick-meta":"","astra-migrate-meta-layouts":"default","ast-page-background-enabled":"default","ast-page-background-meta":{"desktop":{"background-color":"","background-image":"","background-repeat":"repeat","background-position":"center center","background-size":"auto","background-attachment":"scroll","background-type":"","background-media":"","overlay-type":"","overlay-color":"","overlay-opacity":"","overlay-gradient":""},"tablet":{"background-color":"","background-image":"","background-repeat":"repeat","background-position":"center center","background-size":"auto","background-attachment":"scroll","background-type":"","background-media":"","overlay-type":"","overlay-color":"","overlay-opacity":"","overlay-gradient":""},"mobile":{"background-color":"","background-image":"","background-repeat":"repeat","background-position":"center center","background-size":"auto","background-attachment":"scroll","background-type":"","background-media":"","overlay-type":"","overlay-color":"","overlay-opacity":"","overlay-gradient":""}},"ast-content-background-meta":{"desktop":{"background-color":"var(--ast-global-color-5)","background-image":"","background-repeat":"repeat","background-position":"center center","background-size":"auto","background-attachment":"scroll","background-type":"","background-media":"","overlay-type":"","overlay-color":"","overlay-opacity":"","overlay-gradient":""},"tablet":{"background-color":"var(--ast-global-color-5)","background-image":"","background-repeat":"repeat","background-position":"center center","background-size":"auto","background-attachment":"scroll","background-type":"","background-media":"","overlay-type":"","overlay-color":"","overlay-opacity":"","overlay-gradient":""},"mobile":{"background-color":"var(--ast-global-color-5)","background-image":"","background-repeat":"repeat","background-position":"center center","background-size":"auto","background-attachment":"scroll","background-type":"","background-media":"","overlay-type":"","overlay-color":"","overlay-opacity":"","overlay-gradient":""}},"footnotes":""},"class_list":["post-22","page","type-page","status-publish","hentry"],"_links":{"self":[{"href":"https:\/\/mustang-gliwice.pl\/www\/wp-json\/wp\/v2\/pages\/22","targetHints":{"allow":["GET"]}}],"collection":[{"href":"https:\/\/mustang-gliwice.pl\/www\/wp-json\/wp\/v2\/pages"}],"about":[{"href":"https:\/\/mustang-gliwice.pl\/www\/wp-json\/wp\/v2\/types\/page"}],"author":[{"embeddable":true,"href":"https:\/\/mustang-gliwice.pl\/www\/wp-json\/wp\/v2\/users\/3"}],"replies":[{"embeddable":true,"href":"https:\/\/mustang-gliwice.pl\/www\/wp-json\/wp\/v2\/comments?post=22"}],"version-history":[{"count":48,"href":"https:\/\/mustang-gliwice.pl\/www\/wp-json\/wp\/v2\/pages\/22\/revisions"}],"predecessor-version":[{"id":286,"href":"https:\/\/mustang-gliwice.pl\/www\/wp-json\/wp\/v2\/pages\/22\/revisions\/286"}],"wp:attachment":[{"href":"https:\/\/mustang-gliwice.pl\/www\/wp-json\/wp\/v2\/media?parent=22"}],"curies":[{"name":"wp","href":"https:\/\/api.w.org\/{rel}","templated":true}]}}